 greatest common divisor of s and 63.
9
Let u = 0 - -10. Let o be (15/6*6)/(3 - 2). What is the highest common divisor of u and o?
5
Let r(n) = -n**2 - 6*n + 8. Let x be r(-8). Let h = 52 - x. What is the greatest common divisor of 24 and h?
12
Suppose -5*i + 85 + 90 = 0. Suppose 3*p = 4 + 11, -m - 2*p + i = 0. What is the greatest common divisor of 10 and m?
5
Suppose 16 = 3*b - 8. Suppose -2*c + 19 = 3. What is the greatest common divisor of c and b?
8
Let r be (-2)/4*(-70 - 0). Suppose -x + 6*x = r. Calculate the highest common divisor of x and 77.
7
Suppose 3*q + 2*q + 3*y - 87 = 0, 5*y = 3*q - 25. What is the highest common factor of 10 and q?
5
Let t be 2/5 - 56/(-10). Let n be (-5 + t)/((-2)/(-98)). Let a = 20 - 13. What is the highest common divisor of a and n?
7
Suppose -3*g - 26 = -5*o, 3*g + 0*g - 9 = 0. Let b(u) = 4*u - 3. Let n be b(3). Suppose -2*y + 79 = n. Calculate the highest common factor of y and o.
7
Let s(h) = -h**3 - 3*h**2 - 2*h + 3. Let w be s(-3). What is the highest common factor of w and 6?
3
Let k(v) = 5*v**2 + v + 1. Let w be k(-1). Suppose 2*i = w*m + 72, 3*m = i - 18 - 18. What is the highest common factor of 24 and i?
12
Let o = 169 - 119. What is the highest common divisor of 2 and o?
2
Let k(y) = y**2 + 20*y + 20. Let i be k(-20). Suppose -5*b = 5*u - 3*b - 108, 0 = 5*u + 4*b - 116. What is the greatest common factor of i and u?
20
Let k = 4 - 7. Let m(p) = -8*p. Let i be m(k). What is the highest common factor of 8 and i?
8
Suppose -5*s + 2*x = -290, 0*s = -2*s - x + 107. Calculate the highest common divisor of s and 14.
14
Let w be (-3)/(1 - 0 - 2). Suppose w*t + 2*x - 290 = -2*t, x - 5 = 0. Calculate the greatest common factor of 8 and t.
8
Suppose -2*z + 216 = -5*i + 53, -i - 335 = -4*z. What is the highest common factor of 21 and z?
21
Let z(s) = s**3 + 22*s**2 - 26*s - 13. Let l be z(-23). Calculate the highest common divisor of l and 8.
8
Let m = -27 + 39. Calculate the highest common factor of m and 12.
12
Suppose -5*s + 290 = 5*a, 29 = a - 4*s - 9. Calculate the greatest common divisor of 6 and a.
6
Suppose a = 4*a + 2*x - 50, 86 = 5*a + 4*x. Calculate the greatest common factor of 7 and a.
7
Suppose -4*s = -5*n - 15, -89 = -5*s - 4*n - 19. What is the greatest common factor of s and 2?
2
Suppose -o - 9 = -d, d - 2*o = -0*d + 13. Suppose -3*a - 43 = -5*j - 0*a, -d*a - 13 = -j. Calculate the greatest common divisor of j and 40.
8
Suppose -h - 32 = -5*h. Let g = 31 - 14. Let y = g - 1. What is the highest common divisor of y and h?
8
Suppose 5*s + 32 = 6*s. Suppose 0 = -0*d - 2*d + 6. Suppose d*h - 13 = 11. What is the highest common factor of h and s?
8
Suppose 3*w - 5*p = 32, -p - 4 = -0. Let r = 12 - w. Calculate the highest common factor of 20 and r.
4
Suppose -5*w = -w, 3*q + w = 210. What is the greatest common factor of 28 and q?
14
Let v(u) = u**2 + 16*u - 4. Let t be v(-17). Calculate the highest common factor of t and 52.
13
Suppose -3*k = k - 48. Let r(q) = -18*q**2 + 32*q - 2. Let d be r(1). Calculate the greatest common divisor of d and k.
12
Suppose 2 = 2*l, 4*b + 5*l + 0 - 113 = 0. Suppose m - 2*m = 4*v - b, 0 = -4*m + v + 40. Calculate the greatest common factor of 11 and m.
11
Suppose 2*g - 95 - 45 = 0. Let s(k) = -15*k - 1. Let l be s(-1). What is the greatest common factor of g and l?
14
Suppose -7*u - 35 = -140. Calculate the greatest common divisor of u and 120.
15
Suppose -r - 2*c + 9 = 0, -3*r + 84 = -3*c + 21. Suppose 4*t + 234 - 974 = 0. Suppose 3*w + r - t = 0. What is the highest common factor of w and 7?
7
Suppose 0 = -4*j + 217 - 25. Suppose 4*u + 6 = i, 0 = i + 3*u - 6. Calculate the highest common factor of j and i.
6
Let d(f) = -2*f**2 + f + 4. Let y be d(-5). Let b = 158 + -42. Let m = b + y. What is the greatest common factor of 26 and m?
13
Let b(t) = 381*t - 13. Let i be b(1). Calculate the highest common factor of 46 and i.
46
Let o = -165 - -174. Let h(k) = k**2 + 3*k - 1. Let m be h(2). What is the highest common factor of o and m?
9
Suppose 0 = 13*l - 18*l + 260. What is the greatest common factor of 39 and l?
13
Suppose 4*d - 18 = 18. Let x be (-3)/d + 57/9. Calculate the highest common factor of 4 and x.
2
Let f be (0 + -144)*(-11)/11. What is the greatest common factor of 9 and f?
9
Suppose -3*d = -0*d - 5*u - 1, -5*u - 5 = -5*d. What is the highest common factor of d and 16?
2
Suppose -s - 4*s - 2*a - 1305 = 0, 0 = -3*s + a - 794. Let z = -375 - s. Let r = z - -184. What is the greatest common divisor of 8 and r?
8
Let u = -39 - -63. Let a(h) = -3*h**3 - 4*h**2 - 5*h - 2. Let v be a(-2). What is the greatest common factor of v and u?
8
Let i(k) = -2 - 5*k + 4 + 4*k. Let d be i(0). Suppose -d*u + 42 = u. Calculate the greatest common divisor of 28 and u.
14
Suppose -4*w + 72 = -5*t - 18, 5*t = 10. Calculate the highest common divisor of 125 and w.
25
Suppose -y + 43 = 4*t - 0*y, 5*t = 2*y + 70. Calculate the highest common divisor of 36 and t.
12
Let d = -7 + 19. Let z = -77 + 125. What is the greatest common divisor of d and z?
12
Let l(y) = 2*y - 4. Let w be l(3). Let b(r) = r. Let n be b(-5). Let g = w - n. Calculate the greatest common divisor of 35 and g.
7
Let l(f) = f**2 - 6*f + 17. Let w be l(7). Calculate the highest common divisor of 168 and w.
24
Let m be (-16)/(-3) + (-2)/6. Suppose -m = -3*p - 2. Calculate the greatest common divisor of 2 and p.
1
Suppose -4*j = -0*o - 5*o - 283, j - 74 = -2*o. Calculate the greatest common divisor of 8 and j.
8
Suppose 1 = 4*b - 11. Let k(o) = o**3 + 5*o**2 + 4*o + 1. Let i be k(-4). What is the greatest common factor of b and i?
1
Let u = 68 + -54. Calculate the highest common divisor of u and 28.
14
Suppose 0 = 2*w + 6, 0*g - 4*g = 4*w. Let i(m) = m. Let y be i(g). Suppose 0*b + y*u = -b, -3*b - u + 8 = 0. Calculate the greatest common divisor of 1 and b.
1
Let m(v) = v**3 + 3*v**2 - 2*v + 3. Let z be m(3). Let p = -27 + z. What is the highest common factor of p and 12?
12
Let s(n) = 3*n - 5. Let z be 4*26*(-2)/(-8). Suppose 5*a - 26 = 3*l, -a - 3*a = -5*l - z. Let p be s(a). Calculate the greatest common divisor of p and 56.
7
Let r(u) = 3*u**2 + 8*u + 8. Let c be r(-8). What is the greatest common factor of c and 34?
34
Let m be (-2)/(-6) + (-5)/(-3). Suppose -m*y = -6*y + 4. Let u = 4 - 3. Calculate the highest common divisor of u and y.
1
Suppose -5*o - 210 = -10*o. Calculate the greatest common factor of o and 28.
14
Suppose -o - 11 = -2*v, 0 = -3*v + 2*o + 1 + 14. Let g = 15 + -8. Calculate the greatest common factor of v and g.
7
Let h be (17/4)/((-1)/(-8)). Suppose k = -0*k + 51. What is the greatest common factor of h and k?
17
Let f(z) = 2*z**3 - 2*z**2 - z + 1. Let x be f(2). Let p = x + -3. Let w be (-4)/14 - 32/(-14). Calculate the greatest common factor of p and w.
2
Let z = -24 + 27. Let f be 208 - 6 - (z - -1). What is the greatest common divisor of 18 and f?
18
Suppose 0 = 7*g + g - 40. Calculate the greatest common divisor of g and 10.
5
Let b be (18/(-15))/((-1)/315). Calculate the highest common factor of 42 and b.
42
Let c be 64 + (-2 + 3 - 0). Suppose 3*y + p = 2*p + c, 0 = 5*y - 5*p - 105. What is the greatest common factor of y and 2?
2
Suppose -1 = -3*l + 8. Let z be 8/l*27/4. Let t(j) = 11*j**2 - j - 1. Let p be t(-2). Calculate the highest common divisor of p and z.
9
Suppose 3 = p - 25. What is the highest common factor of p and 7?
7
Let r be (-88)/(-6) + (-3)/(-9). What is the greatest common factor of r and 30?
15
Suppose 0 = m + 4*w - 21, 0*m - 1 = 3*m - 4*w. Suppose 0 = x - 14 + m. What is the greatest common divisor of x and 27?
9
Let y be -7 + 4 + (-2 - -9). Suppose b + y*n = 5*b - 40, -4*b + 3*n + 36 = 0. What is the highest common factor of 15 and b?
3
Let n = 47 - 40. What is the greatest common factor of 14 and n?
7
Suppose -3*t + 2*y + 29 = -16, y = 4*t - 55. Calculate the greatest common factor of t and 13.
13
Let i(n) = n + 1. Let a be i(8). What is the greatest common divisor of a and 36?
9
Suppose 0 = -0*p + 2*p. Suppose -t - 3*g = -0*t - 2, 4*g = p. Suppose 2*b + x - 30 = -t*x, 2*b = -x + 38. Calculate the highest common factor of b and 3.
3
Let f = -51 - -117. What is the highest common divisor of f and 11?
11
Let r be -5 + 3 - -2*7. Let a be ((-8)/10)/(28/(-210